ime factors of 11373108.
2, 3, 73, 12983
What are the prime factors of 161494?
2, 80747
List the prime factors of 202249.
17, 11897
List the prime factors of 500154.
2, 3, 31, 2689
List the prime factors of 3540520.
2, 5, 88513
List the prime factors of 254249.
254249
What are the prime factors of 12741773?
11, 109, 10627
List the prime factors of 2611978.
2, 37, 47, 751
List the prime factors of 692573.
7, 98939
What are the prime factors of 238974?
2, 3, 39829
List the prime factors of 5279073.
3, 29, 60679
What are the prime factors of 211384?
2, 26423
List the prime factors of 17246685.
3, 5, 1149779
What are the prime factors of 6376703?
113, 56431
What are the prime factors of 111210?
2, 3, 5, 11, 337
What are the prime factors of 83589?
3, 11, 17, 149
List the prime factors of 994399.
7, 142057
What are the prime factors of 345476?
2, 86369
What are the prime factors of 21769521?
3, 563, 12889
List the prime factors of 2503745.
5, 61, 8209
List the prime factors of 2119138.
2, 7, 37, 4091
List the prime factors of 1599303.
3, 263, 2027
List the prime factors of 28076.
2, 7019
What are the prime factors of 3684342?
2, 3, 17, 41, 881
What are the prime factors of 4018977?
3, 37, 149
What are the prime factors of 4846467?
3, 109, 14821
What are the prime factors of 150341?
149, 1009
What are the prime factors of 3211324?
2, 802831
List the prime factors of 2419958.
2, 1209979
List the prime factors of 184098.
2, 3, 61, 503
What are the prime factors of 240828?
2, 3, 7, 47, 61
List the prime factors of 218492.
2, 54623
What are the prime factors of 5247217?
5247217
What are the prime factors of 45066?
2, 3, 7, 29, 37
What are the prime factors of 1092062?
2, 546031
What are the prime factors of 186098?
2, 11, 769
What are the prime factors of 487855?
5, 97571
List the prime factors of 178460.
2, 5, 8923
List the prime factors of 3584587.
199, 18013
List the prime factors of 35054352.
2, 3, 243433
What are the prime factors of 31642811?
31642811
List the prime factors of 403937.
17, 23761
List the prime factors of 196672.
2, 7, 439
List the prime factors of 4030043.
29, 138967
What are the prime factors of 4311437?
13, 41, 8089
What are the prime factors of 166013?
166013
What are the prime factors of 6998464?
2, 11, 9941
What are the prime factors of 22048940?
2, 5, 1102447
List the prime factors of 10107757.
11, 613, 1499
What are the prime factors of 316219?
316219
What are the prime factors of 106731?
3, 59, 67
What are the prime factors of 238817?
79, 3023
What are the prime factors of 24423020?
2, 5, 349, 3499
List the prime factors of 12422117.
643, 19319
List the prime factors of 6195007.
7, 13, 19, 3583
What are the prime factors of 7334481?
3, 7, 11, 31751
List the prime factors of 4482304.
2, 17509
List the prime factors of 842173.
842173
List the prime factors of 361548.
2, 3, 11, 83
What are the prime factors of 32200316?
2, 2137, 3767
List the prime factors of 229108.
2, 11, 41, 127
What are the prime factors of 3742258?
2, 13, 31, 4643
What are the prime factors of 561520?
2, 5, 7019
What are the prime factors of 6344151?
3, 11, 17477
What are the prime factors of 806546?
2, 13, 67, 463
List the prime factors of 82540.
2, 5, 4127
What are the prime factors of 662572?
2, 71, 2333
List the prime factors of 622388.
2, 13, 11969
List the prime factors of 73382.
2, 36691
What are the prime factors of 1646849?
1646849
List the prime factors of 10250278.
2, 5125139
What are the prime factors of 272305?
5, 11, 4951
List the prime factors of 18429450.
2, 3, 5, 13, 727
What are the prime factors of 11062033?
131, 84443
What are the prime factors of 7827948?
2, 3, 72481
List the prime factors of 15160668.
2, 3, 17, 74317
List the prime factors of 1502608.
2, 93913
What are the prime factors of 3263026?
2, 13, 41, 3061
What are the prime factors of 419267?
23, 18229
List the prime factors of 57862.
2, 7, 4133
List the prime factors of 6290121.
3, 19, 211, 523
What are the prime factors of 1198409?
71, 16879
List the prime factors of 319095.
3, 5, 7, 1013
What are the prime factors of 12573?
3, 11, 127
List the prime factors of 213260.
2, 5, 10663
List the prime factors of 265678.
2, 7, 2711
What are the prime factors of 224604?
2, 3, 17, 367
What are the prime factors of 51350?
2, 5, 13, 79
What are the prime factors of 12783341?
43, 271, 1097
List the prime factors of 24341983.
19, 1281157
List the prime factors of 20155103.
227, 88789
What are the prime factors of 798872?
2, 99859
List the prime factors of 3021286.
2, 1510643
List the prime factors of 6232757.
6232757
List the prime factors of 276902.
2, 138451
What are the prime factors of 18190739?
7, 47, 55291
What are the prime factors of 141984?
2, 3, 17, 29
What are the prime factors of 1276841?
29, 44029
What are the prime factors of 1091448?
2, 3, 31, 163
What are the prime factors of 841776?
2, 3, 13, 19, 71
What are the prime factors of 3442154?
2, 19, 90583
What are the prime factors of 1385026?
2, 692513
What are the prime factors of 1439799?
3, 127, 3779
List the prime factors of 154078.
2, 41, 1879
What are the prime factors of 222187?
7, 31741
What are the prime factors of 129992?
2, 16249
What are the prime factors of 16404172?
2, 37, 271, 409
List the prime factors of 246339.
3, 101, 271
What are the prime factors of 208266?
2, 3, 103, 337
What are the prime factors of 8744205?
3, 5, 17, 53, 647
List the prime factors of 4320916.
2, 1080229
What are the prime factors of 6349711?
41, 154871
What are the prime factors of 1233?
3, 137
List the prime factors of 396163.
47, 8429
What are the prime factors of 142367?
19, 59, 127
What are the prime factors of 1840334?
2, 920167
List the prime factors of 229342.
2, 114671
List the prime factors of 2610215.
5, 223, 2341
What are the prime factors of 2967111?
3, 7, 5233
What are the prime factors of 1083451?
1083451
What are the prime factors of 3155211?
3, 31, 43, 263
List the prime factors of 150526.
2, 73, 1031
What are the prime factors of 22507731?
3, 23, 227, 479
List the prime factors of 3347841.
3, 7, 159421
List the prime factors of 961850.
2, 5, 19237
List the prime factors of 330995.
5, 7, 193
List the prime factors of 664761.
3, 221587
List the prime factors of 6821821.
43, 158647
List the prime factors of 9133567.
9133567
What are the prime factors of 433708?
2, 11, 9857
What are the prime factors of 523400?
2, 5, 2617
List the prime factors of 1130019.
3, 11, 283
What are the prime factors of 16330559?
7, 2332937
What are the prime factors of 958107?
3, 389, 821
List the prime factors of 103364.
2, 25841
List the prime factors of 3830570.
2, 5, 103, 3719
What are the prime factors of 1389160?
2, 5, 34729
List the prime factors of 32719147.
32719147
What are the prime factors of 3697154?
2, 1848577
What are the prime factors of 84991?
84991
List the prime factors of 103782.
2, 3, 7, 353
What are the prime factors of 6092997?
3, 2030999
List the prime factors of 5558700.
2, 3, 5, 7, 2647
What are the prime factors of 5813314?
2, 13, 223589
What are the prime factors of 2532119?
41, 151, 409
What are the prime factors of 2406219?
3, 802073
List the prime factors of 15021536.
2, 29, 16187
What are the prime factors of 7121718?
2, 3, 173, 2287
What are the prime factors of 5864?
2, 733
List the prime factors of 193517.
29, 6673
List the prime factors of 4483887.
3, 263, 5683
What are the prime factors of 50672?
2, 3167
What are the prime factors of 1478693?
23, 239, 269
List the prime factors of 7044700.
2, 5, 13, 5419
What are the prime factors of 136451?
7, 101, 193
What are the prime factors of 341421?
3, 73, 1559
What are the prime factors of 83849?
191, 439
What are the prime factors of 230210?
2, 5, 23021
List the prime factors of 111613.
239, 467
What are the prime factors of 4539441?
3, 23, 65789
List the prime factors of 37006.
2, 18503
List the prime factors of 235836.
2, 3, 6551
List the prime factors of 1917898.
2, 19, 41, 1231
What are the prime factors of 17679924?
2, 3, 127, 1289
List the prime factors of 29577127.
17, 53, 1931
List the prime factors of 1274874.
2, 3, 212479
What are the prime factors of 211524?
2, 3, 17627
What are the prime factors of 248226?
2, 3, 11, 3761
List the prime factors of